{"id":38,"date":"2025-01-20T20:18:32","date_gmt":"2025-01-20T20:18:32","guid":{"rendered":"https:\/\/panzio.ujkigyos.hu\/?page_id=38"},"modified":"2025-01-20T23:23:34","modified_gmt":"2025-01-20T23:23:34","slug":"kapcsolat","status":"publish","type":"page","link":"https:\/\/szentimrepanzio.hu\/index.php\/kapcsolat\/","title":{"rendered":"Kapcsolat"},"content":{"rendered":"\n<p><strong>Szent Imre Panzi\u00f3<\/strong><\/p>\n\n\n\n<p>Tulajdonos:&nbsp;<a href=\"http:\/\/www.ujkigyos.hu\/\" target=\"_blank\" rel=\"noreferrer noopener\">\u00dajk\u00edgy\u00f3s V\u00e1ros \u00d6nkorm\u00e1nyzata<\/a><\/p>\n\n\n\n<p>\u00dczemeltet\u0151: Park \u00c9tterem \u00dajk\u00edgy\u00f3s<br>5661 \u00dajk\u00edgy\u00f3s, Iskola utca 7.&nbsp;<br>Telefon:&nbsp;<a href=\"tel:+36301840044\">+36 30 1840 044<\/a><\/p>\n\n\n\n<p><a href=\"mailto:szentimrepanzio@ujkigyos.hu\">szentimrepanzio@ujkigyos.hu<\/a><\/p>\n\n\n\n<div class=\"wp-block-columns is-layout-flex wp-container-core-columns-is-layout-28f84493 wp-block-columns-is-layout-flex\">\n<div class=\"wp-block-column is-layout-flow wp-block-column-is-layout-flow\">\n<iframe src=\"https:\/\/www.google.com\/maps\/embed?pb=!1m18!1m12!1m3!1d2705.691331757302!2d21.0207200762946!3d46.59936337111532!2m3!1f0!2f0!3f0!3m2!1i1024!2i768!4f13.1!3m3!1m2!1s0x47442d8c7acee8d5%3A0x93951b21efc12ff5!2zw5pqa8OtZ3nDs3MsIElza29sYSB1LiA3LCA1NjYx!5e1!3m2!1shu!2shu!4v1737415079763!5m2!1shu!2shu\" width=\"600\" height=\"450\" style=\"border:0;\" allowfullscreen=\"\" loading=\"lazy\" referrerpolicy=\"no-referrer-when-downgrade\"><\/iframe>\n<\/div>\n<\/div>\n","protected":false},"excerpt":{"rendered":"<p>Szent Imre Panzi\u00f3 Tulajdonos:&nbsp;\u00dajk\u00edgy\u00f3s V\u00e1ros \u00d6nkorm\u00e1nyzata \u00dczemeltet\u0151: Park \u00c9tterem \u00dajk\u00edgy\u00f3s5661 \u00dajk\u00edgy\u00f3s, Iskola utca 7.&nbsp;Telefon:&nbsp;+36 30 1840 044 szentimrepanzio@ujkigyos.hu<\/p>\n","protected":false},"author":1,"featured_media":0,"parent":0,"menu_order":0,"comment_status":"closed","ping_status":"closed","template":"","meta":{"footnotes":""},"class_list":["post-38","page","type-page","status-publish","hentry"],"_links":{"self":[{"href":"https:\/\/szentimrepanzio.hu\/index.php\/wp-json\/wp\/v2\/pages\/38","targetHints":{"allow":["GET"]}}],"collection":[{"href":"https:\/\/szentimrepanzio.hu\/index.php\/wp-json\/wp\/v2\/pages"}],"about":[{"href":"https:\/\/szentimrepanzio.hu\/index.php\/wp-json\/wp\/v2\/types\/page"}],"author":[{"embeddable":true,"href":"https:\/\/szentimrepanzio.hu\/index.php\/wp-json\/wp\/v2\/users\/1"}],"replies":[{"embeddable":true,"href":"https:\/\/szentimrepanzio.hu\/index.php\/wp-json\/wp\/v2\/comments?post=38"}],"version-history":[{"count":9,"href":"https:\/\/szentimrepanzio.hu\/index.php\/wp-json\/wp\/v2\/pages\/38\/revisions"}],"predecessor-version":[{"id":109,"href":"https:\/\/szentimrepanzio.hu\/index.php\/wp-json\/wp\/v2\/pages\/38\/revisions\/109"}],"wp:attachment":[{"href":"https:\/\/szentimrepanzio.hu\/index.php\/wp-json\/wp\/v2\/media?parent=38"}],"curies":[{"name":"wp","href":"https:\/\/api.w.org\/{rel}","templated":true}]}}